3321 (base 4) to base 16.
17f9
Convert -101010010011 (base 2) to base 15.
-c07
What is 1112212 (base 4) in base 8?
12646
What is 22c8 (base 15) in base 11?
5607
Convert -c7e7 (base 16) to base 3.
-2121012101
Convert 87b8 (base 15) to base 16.
704c
-1130230 (base 4) to base 16
-172c
Convert 427 (base 8) to base 13.
186
Convert 102020 (base 3) to base 9.
366
Convert -1a0b5 (base 12) to base 10.
-38153
Convert 101011011110 (base 2) to base 3.
10211001
-120111112 (base 3) to base 2
-10110000100100
What is 303 (base 12) in base 5?
3220
What is -1041 (base 8) in base 4?
-20201
Convert 120020200 (base 3) to base 4.
2231223
Convert -310253 (base 7) to base 15.
-10a58
Convert 7b1 (base 14) to base 12.
a73
-11010100110 (base 2) to base 9
-2301
Convert b72 (base 13) to base 14.
9d6
-25646 (base 11) to base 9
-55322
What is -7950 (base 13) in base 15?
-5060
Convert 11210001 (base 4) to base 15.
6b40
-1000010011 (base 2) to base 16
-213
Convert 1101010100 (base 2) to base 13.
507
Convert -23221 (base 4) to base 5.
-10440
What is 3105 (base 8) in base 14?
829
What is -2134 (base 6) in base 13?
-2b9
bbc2 (base 14) to base 3
1122121002
What is -769 (base 11) in base 7?
-2455
11110011 (base 2) to base 13
159
-1112202010 (base 3) to base 5
-1433212
Convert 2014 (base 6) to base 14.
238
2122 (base 7) to base 13
45a
What is 10000101101 (base 2) in base 14?
565
What is 221011 (base 3) in base 7?
1660
Convert -214122 (base 6) to base 13.
-8114
What is 50 (base 10) in base 6?
122
Convert -2060 (base 7) to base 16.
-2d8
3224140 (base 5) to base 13
1bcc8
What is -1023 (base 8) in base 15?
-256
-234404 (base 5) to base 15
-28be
-34153 (base 6) to base 9
-6546
Convert -12265 (base 7) to base 14.
-126c
What is 103300 (base 4) in base 12?
894
Convert 2337 (base 10) to base 6.
14453
Convert -4a2 (base 14) to base 12.
-652
What is -12671 (base 8) in base 11?
-41a6
-4488 (base 10) to base 14
-18c8
Convert -11615 (base 14) to base 4.
-22111303
What is -c2 (base 15) in base 7?
-350
Convert 133301 (base 5) to base 3.
21110220
Convert 1531 (base 7) to base 10.
610
What is -13a43 (base 14) in base 10?
-48667
Convert -2fa7 (base 16) to base 3.
-121201211
1111101000111 (base 2) to base 8
17507
Convert 201212222 (base 3) to base 12.
8482
Convert 214404 (base 6) to base 7.
103033
Convert -11010000011 (base 2) to base 6.
-11415
133341 (base 6) to base 8
30235
3402 (base 6) to base 5
11134
Convert -729 (base 15) to base 9.
-2183
287 (base 16) to base 9
788
-22122210 (base 3) to base 13
-2b47
What is -33201 (base 10) in base 12?
-17269
Convert 2536 (base 8) to base 16.
55e
Convert -1313330 (base 4) to base 12.
-4538
What is -32276 (base 8) in base 14?
-4cc6
-455 (base 6) to base 8
-263
Convert 19b47 (base 12) to base 4.
21100213
What is 21570 (base 8) in base 13?
4196
What is -618 (base 9) in base 11?
-418
Convert 210100 (base 3) to base 5.
4301
307 (base 10) to base 9
371
What is 62b9 (base 15) in base 3?
1001122010
What is -154 (base 6) in base 9?
-77
What is -154673 (base 8) in base 13?
-1c4a8
-1001100 (base 2) to base 8
-114
What is -201212 (base 3) in base 11?
-448
What is 30335 (base 8) in base 9?
18138
Convert -125011 (base 8) to base 3.
-2012201012
What is 102010 (base 3) in base 2?
100101100
What is 13e0 (base 15) in base 10?
4260
What is 12202201 (base 3) in base 13?
1bb5
What is 1663 (base 7) in base 8?
1252
Convert -20406 (base 9) to base 2.
-11010010001100
7a8a (base 14) to base 9
32175
What is -21121 (base 3) in base 9?
-247
Convert 31010 (base 4) to base 6.
3512
Convert -26eb (base 16) to base 12.
-5923
-18458 (base 9) to base 12
-7482
What is 12224 (base 6) in base 15?
811
What is -a67 (base 12) in base 8?
-2757
What is -117031 (base 8) in base 13?
-15564
Convert -94 (base 16) to base 4.
-2110
Convert -2233011 (base 4) to base 16.
-2bc5
Convert 60a (base 14) to base 6.
5254
What is 5146 (base 16) in base 10?
20806
Convert 35 (base 6) to base 11.
21
What is 1101100100110001 (base 2) in base 6?
1105225
Convert -1205 (base 6) to base 14.
-16d
-19a (base 16) to base 5
-3120
803 (base 9) to base 16
28b
What is -3310 (base 5) in base 15?
-205
Convert 953 (base 15) to base 2.
100000110111
720e (base 15) to base 4
11320121
Convert 508 (base 9) to base 14.
217
11003003 (base 4) to base 14
776b
Convert 8b (base 16) to base 12.
b7
Convert -10001110000 (base 3) to base 7.
-340140
9472 (base 13) to base 6
235034
What is -34645 (base 11) in base 14?
-14330
Convert -100101110 (base 2) to base 10.
-302
What is 10093 (base 11) in base 8?
34627
Convert -a93 (base 11) to base 2.
-10100100000
Convert 563 (base 7) to base 4.
10202
Convert 35222 (base 8) to base 11.
102a1
-333 (base 12) to base 5
-3341
Convert 32b (base 13) to base 4.
20200
Convert 5165 (base 8) to base 16.
a75
6261 (base 10) to base 7
24153
Convert bbb (base 12) to base 11.
1330
ab (base 13) to base 12
b9
200024 (base 5) to base 2
1100001111000
What is 13144 (base 5) in base 7?
3026
What is 1111102101 (base 3) in base 11?
20159
Convert 304344 (base 6) to base 5.
1234303
-1331c (base 15) to base 16
-f00c
What is 221300 (base 4) in base 6?
20212
Convert -1021 (base 6) to base 15.
-104
What is -16414 (base 10) in base 2?
-100000000011110
-7 (base 15) to base 12
-7
What is -309e (base 15) in base 5?
-312044
What is 30001111 (base 4) in base 16?
c055
Convert 1011011000 (base 2) to base 6.
3212
567 (base 8) to base 10
375
-38e8 (base 15) to base 6
-132115
What is -519 (base 14) in base 2?
-1111101011
What is -4e3 (base 15) in base 11?
-922
-dbd5 (base 16) to base 4
-31233111
Convert 100001010 (base 2) to base 10.
266
Convert -5248 (base 10) to base 7.
-21205
What is -24832 (base 12) in base 8?
-140646
Convert 20 (base 4) to base 11.
8
Convert 441 (base 8) to base 15.
144
-33354 (base 7) to base 11
-6363
What is 156224 (base 7) in base 10?
30986
Convert -414 (base 9) to base 15.
-177
What is -393 (base 11) in base 13?
-29a
What is -1101212001 (base 3) in base 14?
-a0b1
What is 240341 (base 5) in base 12?
5152
Convert 13023233 (base 4) to base 9.
44322
Convert 2100 (base 4) to base 13.
b1
28354 (base 10) to base 8
67302
What is 1001020 (base 3) in base 10?
762
What is 8719 (base 10) in base 15?
28b4
-2360 (base 7) to base 4
-31223
13778 (base 10) to base 4
3113102
What is -b0b2 (base 13) in base 14?
-8c08
Convert 2459 (base 11) to base 7.
12234
What is 110012122 (base 3) in base 12?
5198
45023 (base 7) to base 2
10110001001000
What is -20123 (base 8) in base 13?
-39c7
What is 101101101010000 (base 2) in base 9?
35053
Convert 121341 (base 7) to base 14.
80c8
What is -3606 (base 7) in base 6?
-10053
Convert 11132103 (base 4) to base 3.
1010202100
-9187 (base 16) to base 14
-d811
-14008 (base 13) to base 16
-91ed
What is 5828 (base 10) in base 15?
1ad8
Convert 62032 (base 7) to base 8.
35413
c26 (base 15) to base 9
3670
Convert -34c (base 14) to base 12.
-468
What is -3206 (base 13) in base 2?
-1101100010111
Convert 111222 (base 3) to base 10.
377
Convert 314 (base 9) to base 14.
144
2543 (base 7) to base 14
4ca
What is -764 (base 14) in base 9?
-2002
What is -6359 (base 11) in base 5?
-232123
What is -2846 (base 10) in base 12?
-1792
What is -3383 (base 9) in base 4?
-213021
-3141 (base 6) to base 3
-222021
What is -1c8 (base 13) in base 3?
-110100
Convert -11001010011100 (base 2) to base 3.
-122202212
Convert 3414 (base 5) to base 2.
111100100
What is -3191 (base 11) in base 8?
-10166
What is -255 (base 14) in base 4?
-13103
Convert 10351 (base 7) to base 8.
5030
Convert -31201 (base 4) to base 13.
-517
34311 (base 6) to base 5
123432
Convert -22311131 (base 4) to base 6.
-541245
Convert 452 (base 8) to base 10.
298
Convert -10111001000 (base 2) to base 4.
-113020
Convert -111 (base 2) to base 3.
-21
What is 100010110101 (base 2) in base 15?
9d9
4610 (base 7) to base 10
1673
What is -45132 (base 6) in base 8?
-14260
Convert 10343 (base 5) to base 4.
23103
What is -220014 (base 6) in base 7?
-103633
-10210322 (base 4) to base 2
-100100100111010
What is -202203 (base 5) in base 6?
-50201
What is 3546 (base 10) in base 8?
6732
What is -103 (base 4) in base 7?
-25
Convert 83ab (base 12) to base 7.
56642
Convert 112 (base 4) to base 2.
10110
Convert -4050 (base 11) to base 16.
-1503
Convert 146 (base 8) to base 15.
6c
What is 4402433